
What is the greatest common factor of 82784 and 588692?
52
What is the greatest common factor of 3795268 and 20701?
127
What is the highest common divisor of 27927 and 14823031?
3103
Calculate the greatest common divisor of 38833376 and 1.
1
What is the greatest common divisor of 1564584 and 4872?
168
What is the highest common factor of 745 and 13503572?
149
Calculate the highest common factor of 1887672 and 19488.
24
Calculate the greatest common factor of 13490 and 346835.
355
What is the greatest common divisor of 3047 and 14337520?
277
What is the greatest common divisor of 275657296 and 134?
134
Calculate the greatest common divisor of 124215 and 19322940.
1365
What is the greatest common factor of 3582 and 1092942?
18
What is the highest common factor of 4991 and 2416357?
713
Calculate the greatest common factor of 244096 and 26944.
64
What is the highest common divisor of 211301 and 284303?
23
What is the highest common factor of 1580 and 347475970?
790
Calculate the greatest common divisor of 471155 and 144670.
1955
Calculate the greatest common divisor of 174 and 482004.
6
What is the highest common divisor of 744568 and 2248?
8
What is the highest common factor of 96000 and 276800?
1600
Calculate the highest common factor of 164625 and 3779625.
375
Calculate the highest common factor of 22025122 and 322.
322
Calculate the greatest common factor of 1376 and 19949936.
688
What is the highest common factor of 432 and 55093986?
54
Calculate the highest common factor of 17460 and 22441140.
180
Calculate the greatest common divisor of 1261664 and 886.
886
What is the greatest common divisor of 36177 and 101965458?
1167
What is the highest common factor of 135855921 and 3?
3
Calculate the greatest common divisor of 11327 and 32947.
47
Calculate the greatest common factor of 474150382 and 2162.
2162
Calculate the greatest common divisor of 19041981 and 54775.
2191
What is the greatest common divisor of 9543 and 21373139?
3181
What is the greatest common divisor of 30131948 and 4389?
1463
What is the highest common divisor of 58300 and 3977600?
1100
Calculate the highest common divisor of 2093 and 12262289.
299
Calculate the greatest common divisor of 28176 and 84912.
48
What is the greatest common divisor of 106473302 and 988?
494
What is the greatest common factor of 1605 and 16020896?
107
What is the greatest common factor of 2014 and 795?
53
Calculate the highest common factor of 198546 and 834.
6
Calculate the greatest common divisor of 5855 and 17388179.
1171
Calculate the highest common divisor of 381930 and 12463210.
4390
Calculate the greatest common factor of 58478980 and 4760.
2380
Calculate the highest common divisor of 480191 and 6849.
761
What is the greatest common factor of 2216 and 158624?
8
What is the greatest common divisor of 675374 and 60382?
266
What is the highest common divisor of 1575 and 4549041?
63
What is the greatest common factor of 5924 and 442736064?
5924
Calculate the greatest common divisor of 1446104463 and 6483.
6483
What is the highest common divisor of 2020 and 5585?
5
What is the greatest common factor of 4641 and 66263379?
273
What is the highest common divisor of 108234984 and 13?
13
What is the highest common factor of 93679 and 52831?
23
What is the highest common factor of 139844032 and 174?
58
Calculate the highest common factor of 2298307 and 7396.
1849
Calculate the greatest common factor of 35722 and 3922.
106
Calculate the highest common divisor of 600 and 131004120.
120
What is the greatest common divisor of 17906406 and 1428?
714
Calculate the greatest common factor of 3180 and 30544536.
636
What is the highest common divisor of 21996541 and 1435?
287
Calculate the greatest common factor of 205 and 11917183.
41
What is the highest common divisor of 203449761 and 8874?
4437
What is the greatest common divisor of 58747 and 71461?
13
Calculate the greatest common divisor of 327743938 and 118.
118
What is the greatest common divisor of 588910 and 818030?
1790
Calculate the greatest common divisor of 165 and 111257531.
11
What is the greatest common divisor of 8885773 and 1157?
13
What is the greatest common factor of 650 and 279550?
50
What is the greatest common factor of 70 and 116839870?
70
What is the greatest common factor of 5319058 and 346?
346
What is the greatest common factor of 8405 and 352969?
41
Calculate the highest common factor of 372912 and 22542.
102
Calculate the greatest common factor of 567648 and 586440.
648
Calculate the greatest common divisor of 68 and 1742160.
68
What is the highest common factor of 67784 and 57128?
296
Calculate the highest common divisor of 356532 and 230388.
876
What is the highest common divisor of 120 and 5520280?
40
Calculate the highest common divisor of 190442 and 386374.
122
What is the highest common factor of 393 and 50245836?
393
Calculate the highest common divisor of 390 and 2455820.
10
What is the greatest common factor of 632645 and 1755?
65
What is the greatest common factor of 3730 and 72999830?
3730
What is the greatest common divisor of 1116200 and 3400?
200
Calculate the greatest common divisor of 37727339 and 533.
533
Calculate the highest common divisor of 3436263 and 1422.
711
Calculate the highest common divisor of 38442 and 2155434.
894
Calculate the greatest common factor of 433 and 15079.
1
What is the greatest common factor of 4261983 and 1593?
177
What is the highest common factor of 30 and 115730470?
10
Calculate the greatest common factor of 1066168776 and 795.
159
What is the greatest common factor of 35066919 and 249?
249
What is the greatest common divisor of 65 and 9130025?
5
What is the highest common divisor of 3654 and 2990799?
1827
Calculate the highest common factor of 1404928 and 8624.
784
What is the greatest common factor of 176064 and 260736?
1344
Calculate the highest common divisor of 700537110 and 14.
14
Calculate the highest common factor of 738 and 1039290714.
738
Calculate the greatest common factor of 152 and 26258.
38
What is the greatest common factor of 76563 and 170375?
47
What is the highest common factor of 1411 and 601501?
83
What is the highest common factor of 7301534 and 26197?
391
What is the greatest common divisor of 28000 and 320992?
224
What is the greatest common divisor of 3565 and 476450?
5
Calculate the greatest common divisor of 2893457 and 198667.
1967
What is the greatest common divisor of 36309 and 3367?
91
Calculate the greatest common factor of 2110 and 186925955.
1055
What is the greatest common factor of 353277300 and 100?
100
What is the highest common divisor of 2982 and 32568410?
994
Calculate the highest common factor of 20528 and 108282634.
2566
Calculate the highest common divisor of 2338 and 2287082.
14
What is the greatest common divisor of 4032 and 113736?
168
What is the highest common divisor of 3585150 and 18600?
4650
Calculate the greatest common divisor of 17061 and 4019136.
363
What is the greatest common factor of 733925 and 2325?
775
What is the highest common factor of 34658680 and 4900?
980
Calculate the greatest common divisor of 3230 and 4925410.
170
What is the highest common divisor of 4105686 and 1014?
1014
Calculate the highest common divisor of 12972011 and 33803.
439
What is the highest common divisor of 42885257 and 9028?
2257
What is the greatest common divisor of 1893252 and 996?
12
Calculate the highest common factor of 753129 and 1066.
533
What is the highest common divisor of 7 and 11665367?
7
What is the highest common factor of 1929207 and 35?
7
What is the greatest common divisor of 34450 and 132350?
50
Calculate the greatest common factor of 1172284 and 48.
4
Calculate the highest common factor of 464 and 41702.
58
Calculate the highest common factor of 114 and 7356477.
57
What is the greatest common divisor of 45779922 and 30?
6
Calculate the highest common factor of 5178 and 88571416.
1726
What is the greatest common factor of 153778 and 1886?
46
What is the greatest common factor of 18536 and 14414057?
2317
Calculate the highest common factor of 71489 and 2364899.
67
Calculate the greatest common factor of 33 and 95680959.
33
Calculate the greatest common divisor of 90226690 and 316.
158
Calculate the highest common factor of 442